{"id":3,"date":"2024-08-12T17:02:22","date_gmt":"2024-08-12T17:02:22","guid":{"rendered":"https:\/\/talhatrockenbau.de\/?page_id=3"},"modified":"2025-07-10T08:26:13","modified_gmt":"2025-07-10T08:26:13","slug":"impressum","status":"publish","type":"page","link":"https:\/\/talhatrockenbau.de\/?page_id=3","title":{"rendered":"Impressum"},"content":{"rendered":"\t\t<div data-elementor-type=\"wp-page\" data-elementor-id=\"3\" class=\"elementor elementor-3\">\n\t\t\t\t<div class=\"elementor-element elementor-element-3af2740 e-flex e-con-boxed e-con e-parent\" data-id=\"3af2740\" data-element_type=\"container\" data-e-type=\"container\">\n\t\t\t\t\t<div class=\"e-con-inner\">\n\t\t\t\t<div class=\"elementor-element elementor-element-38fa3396 elementor-widget elementor-widget-text-editor\" data-id=\"38fa3396\" data-element_type=\"widget\" data-e-type=\"widget\" data-settings=\"{&quot;wdt_animation_effect&quot;:&quot;none&quot;}\" data-widget_type=\"text-editor.default\">\n\t\t\t\t<div class=\"elementor-widget-container\">\n\t\t\t\t\t\t\t\t\t<p><\/p>\n<p>Mohamad Talha<br>Zirbelweg 3<br>88046 Friedrichshafen<br>Deutschland<\/p>\n<p><strong>KONTAKT:<\/strong><\/p>\n<p>Mail: info@talhahandwerker.de<br>Gesch\u00e4ftsf\u00fchrer: Mohamad Talha<\/p>\n<p>Umsatzsteuer-Identifikationsnummer(n):&nbsp;DE420691038<\/p>\n<p>Die Europ\u00e4ische Kommission stellt eine Plattform zur Online-Streitbeilegung (OS) bereit, die Sie hier finden&nbsp;<a href=\"https:\/\/ec.europa.eu\/consumers\/odr\/\" target=\"_blank\" rel=\"noopener\">https:\/\/ec.europa.eu\/consumers\/odr\/<\/a>. Wir sind bereit, an einem au\u00dfergerichtlichen Schlichtungsverfahren vor einer Verbraucherschlichtungsstelle teilzunehmen.<\/p>\t\t\t\t\t\t\t\t<\/div>\n\t\t\t\t<\/div>\n\t\t\t\t\t<\/div>\n\t\t\t\t<\/div>\n\t\t\t\t<\/div>\n\t\t","protected":false},"excerpt":{"rendered":"<p>Mohamad TalhaZirbelweg 388046 FriedrichshafenDeutschland KONTAKT: Mail: info@talhahandwerker.deGesch\u00e4ftsf\u00fchrer: Mohamad Talha Umsatzsteuer-Identifikationsnummer(n):&nbsp;DE420691038 Die Europ\u00e4ische Kommission stellt eine Plattform zur Online-Streitbeilegung (OS) bereit, die Sie hier finden&nbsp;https:\/\/ec.europa.eu\/consumers\/odr\/. Wir sind bereit, an einem au\u00dfergerichtlichen Schlichtungsverfahren vor einer Verbraucherschlichtungsstelle teilzunehmen.<\/p>\n","protected":false},"author":1,"featured_media":0,"parent":0,"menu_order":0,"comment_status":"closed","ping_status":"closed","template":"","meta":{"_monsterinsights_skip_tracking":false,"_monsterinsights_sitenote_active":false,"_monsterinsights_sitenote_note":"","_monsterinsights_sitenote_category":0,"footnotes":""},"class_list":["post-3","page","type-page","status-publish","hentry"],"aioseo_notices":[],"_links":{"self":[{"href":"https:\/\/talhatrockenbau.de\/index.php?rest_route=\/wp\/v2\/pages\/3","targetHints":{"allow":["GET"]}}],"collection":[{"href":"https:\/\/talhatrockenbau.de\/index.php?rest_route=\/wp\/v2\/pages"}],"about":[{"href":"https:\/\/talhatrockenbau.de\/index.php?rest_route=\/wp\/v2\/types\/page"}],"author":[{"embeddable":true,"href":"https:\/\/talhatrockenbau.de\/index.php?rest_route=\/wp\/v2\/users\/1"}],"replies":[{"embeddable":true,"href":"https:\/\/talhatrockenbau.de\/index.php?rest_route=%2Fwp%2Fv2%2Fcomments&post=3"}],"version-history":[{"count":13,"href":"https:\/\/talhatrockenbau.de\/index.php?rest_route=\/wp\/v2\/pages\/3\/revisions"}],"predecessor-version":[{"id":16050,"href":"https:\/\/talhatrockenbau.de\/index.php?rest_route=\/wp\/v2\/pages\/3\/revisions\/16050"}],"wp:attachment":[{"href":"https:\/\/talhatrockenbau.de\/index.php?rest_route=%2Fwp%2Fv2%2Fmedia&parent=3"}],"curies":[{"name":"wp","href":"https:\/\/api.w.org\/{rel}","templated":true}]}}